{"version":"1.0","provider_name":"SIMUSAR","provider_url":"https:\/\/simusar.com.br\/wfe","author_name":"admin","author_url":"https:\/\/simusar.com.br\/wfe\/author\/admin\/","title":"Santa Rosa tem queda no IDEB - SIMUSAR","type":"rich","width":600,"height":338,"html":"<blockquote class=\"wp-embedded-content\" data-secret=\"EYOcnCZNzH\"><a href=\"https:\/\/simusar.com.br\/wfe\/santa-rosa-tem-queda-no-ideb\/\">Santa Rosa tem queda no IDEB<\/a><\/blockquote><iframe sandbox=\"allow-scripts\" security=\"restricted\" src=\"https:\/\/simusar.com.br\/wfe\/santa-rosa-tem-queda-no-ideb\/embed\/#?secret=EYOcnCZNzH\" width=\"600\" height=\"338\" title=\"&#8220;Santa Rosa tem queda no IDEB&#8221; &#8212; SIMUSAR\" data-secret=\"EYOcnCZNzH\" frameborder=\"0\" marginwidth=\"0\" marginheight=\"0\" scrolling=\"no\" class=\"wp-embedded-content\"><\/iframe><script type=\"text\/javascript\">\n\/* <![CDATA[ *\/\n\/*! This file is auto-generated *\/\n!function(d,l){\"use strict\";l.querySelector&&d.addEventListener&&\"undefined\"!=typeof URL&&(d.wp=d.wp||{},d.wp.receiveEmbedMessage||(d.wp.receiveEmbedMessage=function(e){var t=e.data;if((t||t.secret||t.message||t.value)&&!\/[^a-zA-Z0-9]\/.test(t.secret)){for(var s,r,n,a=l.querySelectorAll('iframe[data-secret=\"'+t.secret+'\"]'),o=l.querySelectorAll('blockquote[data-secret=\"'+t.secret+'\"]'),c=new RegExp(\"^https?:$\",\"i\"),i=0;i<o.length;i++)o[i].style.display=\"none\";for(i=0;i<a.length;i++)s=a[i],e.source===s.contentWindow&&(s.removeAttribute(\"style\"),\"height\"===t.message?(1e3<(r=parseInt(t.value,10))?r=1e3:~~r<200&&(r=200),s.height=r):\"link\"===t.message&&(r=new URL(s.getAttribute(\"src\")),n=new URL(t.value),c.test(n.protocol))&&n.host===r.host&&l.activeElement===s&&(d.top.location.href=t.value))}},d.addEventListener(\"message\",d.wp.receiveEmbedMessage,!1),l.addEventListener(\"DOMContentLoaded\",function(){for(var e,t,s=l.querySelectorAll(\"iframe.wp-embedded-content\"),r=0;r<s.length;r++)(t=(e=s[r]).getAttribute(\"data-secret\"))||(t=Math.random().toString(36).substring(2,12),e.src+=\"#?secret=\"+t,e.setAttribute(\"data-secret\",t)),e.contentWindow.postMessage({message:\"ready\",secret:t},\"*\")},!1)))}(window,document);\n\/\/# sourceURL=https:\/\/simusar.com.br\/wfe\/wp-includes\/js\/wp-embed.min.js\n\/* ]]> *\/\n<\/script>\n","thumbnail_url":"https:\/\/simusar.com.br\/wfe\/wp-content\/uploads\/2024\/08\/emf-pedrosperoni.png","thumbnail_width":972,"thumbnail_height":592,"description":"O desempenho da rede municipal de ensino de Santa Rosa no \u00cdndice de Desenvolvimento da Educa\u00e7\u00e3o B\u00e1sica (IDEB) de 2023 apresentou uma estabilidade nos anos iniciais do Ensino Fundamental, com a nota de 6,0, mantendo-se no mesmo patamar observado em 2021. No entanto, os anos finais registraram uma leve queda, com a nota de 4,7, [&hellip;]"}

O desempenho da rede municipal de ensino de Santa Rosa no Índice de Desenvolvimento da Educação Básica (IDEB) de 2023 apresentou uma estabilidade nos anos iniciais do Ensino Fundamental, com a nota de 6,0, mantendo-se no mesmo patamar observado em 2021. No entanto, os anos finais registraram uma leve queda, com a nota de 4,7, [&hellip;]
